{"id":15813,"date":"2017-02-13T14:40:54","date_gmt":"2017-02-13T17:40:54","guid":{"rendered":"http:\/\/capitalelevadores.com.br\/site\/?page_id=15813"},"modified":"2017-03-03T15:39:10","modified_gmt":"2017-03-03T18:39:10","slug":"elevadores-elevac","status":"publish","type":"page","link":"https:\/\/capitalelevadores.com.br\/site\/elevadores-elevac\/","title":{"rendered":"ELEVADORES ELEVAC"},"content":{"rendered":"<p>[vc_row row_type=&#8221;row&#8221; use_row_as_full_screen_section=&#8221;no&#8221; type=&#8221;grid&#8221; angled_section=&#8221;no&#8221; text_align=&#8221;left&#8221; background_image_as_pattern=&#8221;without_pattern&#8221; background_color=&#8221;#f4f4f4&#8243; css_animation=&#8221;&#8221; css=&#8221;.vc_custom_1479442061037{padding-top: 42px !important;padding-bottom: 42px !important;}&#8221;][vc_column width=&#8221;1\/2&#8243;][vc_column_text]<\/p>\n<h3>Elevac 200<\/h3>\n<p><img loading=\"lazy\" class=\"size-full wp-image-15760 alignnone\" src=\"http:\/\/capitalelevadores.com.br\/site\/wp-content\/uploads\/2017\/02\/lin.jpg\" alt=\"\" width=\"125\" height=\"10\" \/><\/p>\n<p><span style=\"color: #000000;\">Elevador inteligente, panor\u00e2mico e muito charmoso, para novas constru\u00e7\u00f5es e ideal para edifica\u00e7\u00f5es j\u00e1 prontas. O Elevac atende de 2 a 4 andares em casas, apartamentos duplex e tr\u00edplex, escrit\u00f3rios e outros ambientes.<\/span><\/p>\n<p>&nbsp;<\/p>\n<p><span style=\"color: #000000;\">O Elevac 200 \u00e9 muito pr\u00e1tico, pois dispensa grandes obras de instala\u00e7\u00e3o, sem a necessidade de po\u00e7o e de casa de m\u00e1quinas, cabos ou pist\u00f5es.<\/span><br \/>\n<span style=\"color: #000000;\">O Elevac 200 \u00e9 instalado entre 3-5 dias conforme o n\u00famero de paradas.<\/span><br \/>\n<span style=\"color: #000000;\">O Elevac 200 \u00e9 autoportante.<\/span><\/p>\n<p>&nbsp;<\/p>\n<p><span style=\"color: #000000;\">Tanto para quem quer valorizar o im\u00f3vel, introduzindo um item de extremo conforto e status, ou para pessoas portadoras de dificuldades de locomo\u00e7\u00e3o, o Elevac 200 \u00e9 uma alternativa excelente entre o Custo x Benef\u00edcio.<\/span><\/p>\n<p>&nbsp;<\/p>\n<p><span style=\"color: #000000;\">O Elevac 200 \u00e9 transparente e oferece uma vis\u00e3o panor\u00e2mica de 360\u00ba.<\/span><\/p>\n<p>&nbsp;<\/p>\n<p><span style=\"color: #000000;\">\u2022 Instala\u00e7\u00e3o simplificada;<\/span><br \/>\n<span style=\"color: #000000;\">\u2022 N\u00e3o necessita de po\u00e7o e casa de m\u00e1quinas;<\/span><br \/>\n<span style=\"color: #000000;\">\u2022 Ideal para im\u00f3veis prontos;<\/span><br \/>\n<span style=\"color: #000000;\">\u2022 Leve e super-resistente em estrutura de Alum\u00ednio e Policarbonato compacto;<\/span><br \/>\n<span style=\"color: #000000;\">\u2022 Baix\u00edssimo consumo de energia;<\/span><br \/>\n<span style=\"color: #000000;\">\u2022 Superseguro, mesmo em falta de energia el\u00e9trica;<\/span><br \/>\n<span style=\"color: #000000;\">\u2022 Valoriza o im\u00f3vel.<\/span><\/p>\n<p>&nbsp;<\/p>\n<p><span style=\"color: #000000;\">Observa\u00e7\u00e3o: Para instala\u00e7\u00e3o externa, somente ap\u00f3s avalia\u00e7\u00e3o t\u00e9cnica do fabricante.<\/span>[\/vc_column_text][\/vc_column][vc_column width=&#8221;1\/2&#8243;][vc_gallery interval=&#8221;0&#8243; images=&#8221;15821,15822,15823,15824,15825,15826,15827,15828,15829,15830,15831,15832,15833,15834,15835,15836,15837,15838&#8243; img_size=&#8221;667X1000&#8243; onclick=&#8221;&#8221;][\/vc_column][\/vc_row][vc_row row_type=&#8221;row&#8221; use_row_as_full_screen_section=&#8221;no&#8221; type=&#8221;grid&#8221; angled_section=&#8221;no&#8221; text_align=&#8221;left&#8221; background_image_as_pattern=&#8221;without_pattern&#8221; background_color=&#8221;#005072&#8243; css_animation=&#8221;&#8221; css=&#8221;.vc_custom_1487012455612{padding-top: 42px !important;padding-bottom: 42px !important;}&#8221;][vc_column][vc_empty_space][vc_empty_space][vc_column_text]<\/p>\n<h3 style=\"text-align: center;\"><span style=\"color: #ffffff;\">V\u00eddeos &#8211; Elevac 200<\/span><\/h3>\n<p><img loading=\"lazy\" class=\"size-full wp-image-15760 aligncenter\" src=\"http:\/\/capitalelevadores.com.br\/site\/wp-content\/uploads\/2017\/02\/lin.jpg\" alt=\"\" width=\"125\" height=\"10\" \/>[\/vc_column_text][vc_empty_space][vc_row_inner row_type=&#8221;row&#8221; type=&#8221;full_width&#8221; text_align=&#8221;left&#8221; css_animation=&#8221;&#8221;][vc_column_inner width=&#8221;1\/3&#8243;][vc_column_text]<\/p>\n<p style=\"text-align: center;\"><iframe loading=\"lazy\" src=\"https:\/\/www.youtube.com\/embed\/4pKqxthcYYI\" width=\"350\" height=\"350\" frameborder=\"0\" allowfullscreen=\"allowfullscreen\"><\/iframe><\/p>\n<p>[\/vc_column_text][\/vc_column_inner][vc_column_inner width=&#8221;1\/3&#8243;][vc_column_text]<\/p>\n<p style=\"text-align: center;\"><iframe loading=\"lazy\" src=\"https:\/\/www.youtube.com\/embed\/5g5qgc3xWQM\" width=\"350\" height=\"350\" frameborder=\"0\" allowfullscreen=\"allowfullscreen\"><\/iframe><\/p>\n<p>[\/vc_column_text][\/vc_column_inner][vc_column_inner width=&#8221;1\/3&#8243;][vc_column_text]<\/p>\n<p style=\"text-align: center;\"><iframe loading=\"lazy\" src=\"https:\/\/www.youtube.com\/embed\/2gtK7RAa0Uk\" width=\"350\" height=\"350\" frameborder=\"0\" allowfullscreen=\"allowfullscreen\"><\/iframe><\/p>\n<p>[\/vc_column_text][\/vc_column_inner][\/vc_row_inner][vc_empty_space][vc_empty_space][\/vc_column][\/vc_row][vc_row row_type=&#8221;row&#8221; use_row_as_full_screen_section=&#8221;no&#8221; type=&#8221;grid&#8221; angled_section=&#8221;no&#8221; text_align=&#8221;left&#8221; background_image_as_pattern=&#8221;without_pattern&#8221; background_color=&#8221;#ffffff&#8221; css_animation=&#8221;&#8221; css=&#8221;.vc_custom_1487010325589{padding-top: 42px !important;padding-bottom: 42px !important;}&#8221;][vc_column width=&#8221;1\/2&#8243;][vc_empty_space height=&#8221;20px&#8221;][vc_gallery interval=&#8221;0&#8243; images=&#8221;15847,15849,15843,15844,15845,15846,15848,15850,15851,15842,15852&#8243; img_size=&#8221;667X1000&#8243; onclick=&#8221;&#8221;][vc_empty_space height=&#8221;20px&#8221;][\/vc_column][vc_column width=&#8221;1\/2&#8243;][vc_empty_space height=&#8221;20px&#8221;][vc_column_text]<\/p>\n<h3>Elevac 250<\/h3>\n<p><img loading=\"lazy\" class=\"size-full wp-image-15760 alignnone\" src=\"http:\/\/capitalelevadores.com.br\/site\/wp-content\/uploads\/2017\/02\/lin.jpg\" alt=\"\" width=\"125\" height=\"10\" \/><\/p>\n<p><span style=\"color: #000000;\">Traz comodidade e praticidade para todas as pessoas com dificuldades permanentes ou tempor\u00e1rias de locomo\u00e7\u00e3o. Ideal para cl\u00ednicas, escolas, hospitais e quaisquer outros ambientes p\u00fablicos ou mesmo para resid\u00eancias onde seu uso \u00e9 necess\u00e1rio.<\/span><\/p>\n<p>&nbsp;<\/p>\n<p><span style=\"color: #000000;\">Permite que um cadeirante e um acompanhante possam se deslocar de um pavimento para outro sem movimentos bruscos, com muito conforto e seguran\u00e7a. Instala\u00e7\u00e3o simples e baixo consumo de energia el\u00e9trica.<\/span><\/p>\n<p>&nbsp;<\/p>\n<p><span style=\"color: #000000;\">A Plataforma Elevac-250 EM tem garantia de 12 meses para componentes com defeitos de fabrica\u00e7\u00e3o e assist\u00eancia t\u00e9cnica em todas as regi\u00f5es de atua\u00e7\u00e3o, e este produto \u00e9 fabricado totalmente em conformidade com a norma ABNT NBR 15.655-1 \u2013 2009 e norma ISO 9386-1.2013 e atende a lei Federal de Acessibilidade n\u00ba 10.098 de 19\/12\/2000, que estabelece Normas e Crit\u00e9rios nas edifica\u00e7\u00f5es de uso coletivo ou privado.<\/span><\/p>\n<p>&nbsp;<\/p>\n<p><span style=\"color: #000000;\">\u2022 Dimens\u00f5es de \u00e1rea \u00fatil da Plataforma de acordo com as necessidades do cliente;<\/span><br \/>\n<span style=\"color: #000000;\">\u2022 Guarda-Copo: altura de 1.100 mm;<\/span><br \/>\n<span style=\"color: #000000;\">\u2022 Cabinada: Altura de 2.000 mm;<\/span><br \/>\n<span style=\"color: #000000;\">\u2013 Em A\u00e7o Inox escovado ou a\u00e7o carbono com pintura a p\u00f3 eletrost\u00e1tica;<\/span><br \/>\n<span style=\"color: #000000;\">\u2013 Panor\u00e2mica ou totalmente enclausurada;<\/span><br \/>\n<span style=\"color: #000000;\">\u2022 Torre Panor\u00e2mica ou em Alvenaria \u2013 para percurso acima de 2000 mm;<\/span><br \/>\n<span style=\"color: #000000;\">\u2022 Percurso de at\u00e9 4,00 metros;<\/span><br \/>\n<span style=\"color: #000000;\">\u2022 Instala\u00e7\u00e3o externa ou interna;<\/span><br \/>\n<span style=\"color: #000000;\">\u2022 Velocidade: a 6,00 a 8,00 m\/min.<\/span>[\/vc_column_text][\/vc_column][\/vc_row]<\/p>\n","protected":false},"excerpt":{"rendered":"<p>[vc_row row_type=&#8221;row&#8221; use_row_as_full_screen_section=&#8221;no&#8221; type=&#8221;grid&#8221; angled_section=&#8221;no&#8221; text_align=&#8221;left&#8221; background_image_as_pattern=&#8221;without_pattern&#8221; background_color=&#8221;#f4f4f4&#8243; css_animation=&#8221;&#8221; css=&#8221;.vc_custom_1479442061037{padding-top: 42px !important;padding-bottom: 42px !important;}&#8221;][vc_column width=&#8221;1\/2&#8243;][vc_column_text] Elevac 200 Elevador inteligente, panor\u00e2mico e muito charmoso, para novas constru\u00e7\u00f5es e ideal para edifica\u00e7\u00f5es j\u00e1 prontas. O Elevac atende de 2 a 4 andares em casas, apartamentos duplex e&#8230;<\/p>\n","protected":false},"author":1,"featured_media":0,"parent":0,"menu_order":0,"comment_status":"closed","ping_status":"closed","template":"full_width.php","meta":[],"_links":{"self":[{"href":"https:\/\/capitalelevadores.com.br\/site\/wp-json\/wp\/v2\/pages\/15813"}],"collection":[{"href":"https:\/\/capitalelevadores.com.br\/site\/wp-json\/wp\/v2\/pages"}],"about":[{"href":"https:\/\/capitalelevadores.com.br\/site\/wp-json\/wp\/v2\/types\/page"}],"author":[{"embeddable":true,"href":"https:\/\/capitalelevadores.com.br\/site\/wp-json\/wp\/v2\/users\/1"}],"replies":[{"embeddable":true,"href":"https:\/\/capitalelevadores.com.br\/site\/wp-json\/wp\/v2\/comments?post=15813"}],"version-history":[{"count":15,"href":"https:\/\/capitalelevadores.com.br\/site\/wp-json\/wp\/v2\/pages\/15813\/revisions"}],"predecessor-version":[{"id":15993,"href":"https:\/\/capitalelevadores.com.br\/site\/wp-json\/wp\/v2\/pages\/15813\/revisions\/15993"}],"wp:attachment":[{"href":"https:\/\/capitalelevadores.com.br\/site\/wp-json\/wp\/v2\/media?parent=15813"}],"curies":[{"name":"wp","href":"https:\/\/api.w.org\/{rel}","templated":true}]}}

<p>[vc_row row_type=&#8221;row&#8221; use_row_as_full_screen_section=&#8221;no&#8221; type=&#8221;grid&#8221; angled_section=&#8221;no&#8221; text_align=&#8221;left&#8221; background_image_as_pattern=&#8221;without_pattern&#8221; background_color=&#8221;#f4f4f4&#8243; css_animation=&#8221;&#8221; css=&#8221;.vc_custom_1479442061037{padding-top: 42px !important;padding-bottom: 42px !important;}&#8221;][vc_column width=&#8221;1/2&#8243;][vc_column_text]</p>
<h3>Elevac 200</h3>
<p><img loading="lazy" class="size-full wp-image-15760 alignnone" src="http://capitalelevadores.com.br/site/wp-content/uploads/2017/02/lin.jpg" alt="" width="125" height="10" /></p>
<p><span style="color: #000000;">Elevador inteligente, panorâmico e muito charmoso, para novas construções e ideal para edificações já prontas. O Elevac atende de 2 a 4 andares em casas, apartamentos duplex e tríplex, escritórios e outros ambientes.</span></p>
<p>&nbsp;</p>
<p><span style="color: #000000;">O Elevac 200 é muito prático, pois dispensa grandes obras de instalação, sem a necessidade de poço e de casa de máquinas, cabos ou pistões.</span><br />
<span style="color: #000000;">O Elevac 200 é instalado entre 3-5 dias conforme o número de paradas.</span><br />
<span style="color: #000000;">O Elevac 200 é autoportante.</span></p>
<p>&nbsp;</p>
<p><span style="color: #000000;">Tanto para quem quer valorizar o imóvel, introduzindo um item de extremo conforto e status, ou para pessoas portadoras de dificuldades de locomoção, o Elevac 200 é uma alternativa excelente entre o Custo x Benefício.</span></p>
<p>&nbsp;</p>
<p><span style="color: #000000;">O Elevac 200 é transparente e oferece uma visão panorâmica de 360º.</span></p>
<p>&nbsp;</p>
<p><span style="color: #000000;">• Instalação simplificada;</span><br />
<span style="color: #000000;">• Não necessita de poço e casa de máquinas;</span><br />
<span style="color: #000000;">• Ideal para imóveis prontos;</span><br />
<span style="color: #000000;">• Leve e super-resistente em estrutura de Alumínio e Policarbonato compacto;</span><br />
<span style="color: #000000;">• Baixíssimo consumo de energia;</span><br />
<span style="color: #000000;">• Superseguro, mesmo em falta de energia elétrica;</span><br />
<span style="color: #000000;">• Valoriza o imóvel.</span></p>
<p>&nbsp;</p>
<p><span style="color: #000000;">Observação: Para instalação externa, somente após avaliação técnica do fabricante.</span>[/vc_column_text][/vc_column][vc_column width=&#8221;1/2&#8243;][vc_gallery interval=&#8221;0&#8243; images=&#8221;15821,15822,15823,15824,15825,15826,15827,15828,15829,15830,15831,15832,15833,15834,15835,15836,15837,15838&#8243; img_size=&#8221;667X1000&#8243; onclick=&#8221;&#8221;][/vc_column][/vc_row][vc_row row_type=&#8221;row&#8221; use_row_as_full_screen_section=&#8221;no&#8221; type=&#8221;grid&#8221; angled_section=&#8221;no&#8221; text_align=&#8221;left&#8221; background_image_as_pattern=&#8221;without_pattern&#8221; background_color=&#8221;#005072&#8243; css_animation=&#8221;&#8221; css=&#8221;.vc_custom_1487012455612{padding-top: 42px !important;padding-bottom: 42px !important;}&#8221;][vc_column][vc_empty_space][vc_empty_space][vc_column_text]</p>
<h3 style="text-align: center;"><span style="color: #ffffff;">Vídeos &#8211; Elevac 200</span></h3>
<p><img loading="lazy" class="size-full wp-image-15760 aligncenter" src="http://capitalelevadores.com.br/site/wp-content/uploads/2017/02/lin.jpg" alt="" width="125" height="10" />[/vc_column_text][vc_empty_space][vc_row_inner row_type=&#8221;row&#8221; type=&#8221;full_width&#8221; text_align=&#8221;left&#8221; css_animation=&#8221;&#8221;][vc_column_inner width=&#8221;1/3&#8243;][vc_column_text]</p>
<p style="text-align: center;"><iframe loading="lazy" src="https://www.youtube.com/embed/4pKqxthcYYI" width="350" height="350" frameborder="0" allowfullscreen="allowfullscreen"></iframe></p>
<p>[/vc_column_text][/vc_column_inner][vc_column_inner width=&#8221;1/3&#8243;][vc_column_text]</p>
<p style="text-align: center;"><iframe loading="lazy" src="https://www.youtube.com/embed/5g5qgc3xWQM" width="350" height="350" frameborder="0" allowfullscreen="allowfullscreen"></iframe></p>
<p>[/vc_column_text][/vc_column_inner][vc_column_inner width=&#8221;1/3&#8243;][vc_column_text]</p>
<p style="text-align: center;"><iframe loading="lazy" src="https://www.youtube.com/embed/2gtK7RAa0Uk" width="350" height="350" frameborder="0" allowfullscreen="allowfullscreen"></iframe></p>
<p>[/vc_column_text][/vc_column_inner][/vc_row_inner][vc_empty_space][vc_empty_space][/vc_column][/vc_row][vc_row row_type=&#8221;row&#8221; use_row_as_full_screen_section=&#8221;no&#8221; type=&#8221;grid&#8221; angled_section=&#8221;no&#8221; text_align=&#8221;left&#8221; background_image_as_pattern=&#8221;without_pattern&#8221; background_color=&#8221;#ffffff&#8221; css_animation=&#8221;&#8221; css=&#8221;.vc_custom_1487010325589{padding-top: 42px !important;padding-bottom: 42px !important;}&#8221;][vc_column width=&#8221;1/2&#8243;][vc_empty_space height=&#8221;20px&#8221;][vc_gallery interval=&#8221;0&#8243; images=&#8221;15847,15849,15843,15844,15845,15846,15848,15850,15851,15842,15852&#8243; img_size=&#8221;667X1000&#8243; onclick=&#8221;&#8221;][vc_empty_space height=&#8221;20px&#8221;][/vc_column][vc_column width=&#8221;1/2&#8243;][vc_empty_space height=&#8221;20px&#8221;][vc_column_text]</p>
<h3>Elevac 250</h3>
<p><img loading="lazy" class="size-full wp-image-15760 alignnone" src="http://capitalelevadores.com.br/site/wp-content/uploads/2017/02/lin.jpg" alt="" width="125" height="10" /></p>
<p><span style="color: #000000;">Traz comodidade e praticidade para todas as pessoas com dificuldades permanentes ou temporárias de locomoção. Ideal para clínicas, escolas, hospitais e quaisquer outros ambientes públicos ou mesmo para residências onde seu uso é necessário.</span></p>
<p>&nbsp;</p>
<p><span style="color: #000000;">Permite que um cadeirante e um acompanhante possam se deslocar de um pavimento para outro sem movimentos bruscos, com muito conforto e segurança. Instalação simples e baixo consumo de energia elétrica.</span></p>
<p>&nbsp;</p>
<p><span style="color: #000000;">A Plataforma Elevac-250 EM tem garantia de 12 meses para componentes com defeitos de fabricação e assistência técnica em todas as regiões de atuação, e este produto é fabricado totalmente em conformidade com a norma ABNT NBR 15.655-1 – 2009 e norma ISO 9386-1.2013 e atende a lei Federal de Acessibilidade nº 10.098 de 19/12/2000, que estabelece Normas e Critérios nas edificações de uso coletivo ou privado.</span></p>
<p>&nbsp;</p>
<p><span style="color: #000000;">• Dimensões de área útil da Plataforma de acordo com as necessidades do cliente;</span><br />
<span style="color: #000000;">• Guarda-Copo: altura de 1.100 mm;</span><br />
<span style="color: #000000;">• Cabinada: Altura de 2.000 mm;</span><br />
<span style="color: #000000;">– Em Aço Inox escovado ou aço carbono com pintura a pó eletrostática;</span><br />
<span style="color: #000000;">– Panorâmica ou totalmente enclausurada;</span><br />
<span style="color: #000000;">• Torre Panorâmica ou em Alvenaria – para percurso acima de 2000 mm;</span><br />
<span style="color: #000000;">• Percurso de até 4,00 metros;</span><br />
<span style="color: #000000;">• Instalação externa ou interna;</span><br />
<span style="color: #000000;">• Velocidade: a 6,00 a 8,00 m/min.</span>[/vc_column_text][/vc_column][/vc_row]</p>

<p>[vc_row row_type=&#8221;row&#8221; use_row_as_full_screen_section=&#8221;no&#8221; type=&#8221;grid&#8221; angled_section=&#8221;no&#8221; text_align=&#8221;left&#8221; background_image_as_pattern=&#8221;without_pattern&#8221; background_color=&#8221;#f4f4f4&#8243; css_animation=&#8221;&#8221; css=&#8221;.vc_custom_1479442061037{padding-top: 42px !important;padding-bottom: 42px !important;}&#8221;][vc_column width=&#8221;1/2&#8243;][vc_column_text] Elevac 200 Elevador inteligente, panorâmico e muito charmoso, para novas construções e ideal para edificações já prontas. O Elevac atende de 2 a 4 andares em casas, apartamentos duplex e&#8230;</p>
